{"id":35,"date":"2022-07-13T11:28:08","date_gmt":"2022-07-13T11:28:08","guid":{"rendered":"https:\/\/olimpiafutar.hu\/?page_id=35"},"modified":"2026-05-04T14:36:57","modified_gmt":"2026-05-04T14:36:57","slug":"home","status":"publish","type":"page","link":"https:\/\/olimpiafutar.hu\/","title":{"rendered":"F\u0151oldal"},"content":{"rendered":"\t\t<div data-elementor-type=\"wp-page\" data-elementor-id=\"35\" class=\"elementor elementor-35\">\n\t\t\t\t\t\t\t\t\t<section class=\"elementor-section elementor-top-section elementor-element elementor-element-1231bcba elementor-section-height-min-height elementor-section-content-middle elementor-section-boxed elementor-section-height-default elementor-section-items-middle\" data-id=\"1231bcba\" data-element_type=\"section\" data-settings=\"{&quot;background_background&quot;:&quot;classic&quot;}\">\n\t\t\t\t\t\t\t<div class=\"elementor-background-overlay\"><\/div>\n\t\t\t\t\t\t\t<div class=\"elementor-container elementor-column-gap-no\">\n\t\t\t\t\t<div class=\"elementor-column elementor-col-100 elementor-top-column elementor-element elementor-element-76924c66\" data-id=\"76924c66\" data-element_type=\"column\">\n\t\t\t<div class=\"elementor-widget-wrap elementor-element-populated\">\n\t\t\t\t\t\t\t\t<section class=\"elementor-section elementor-inner-section elementor-element elementor-element-61a1ce3d elementor-section-boxed elementor-section-height-default elementor-section-height-default\" data-id=\"61a1ce3d\" data-element_type=\"section\">\n\t\t\t\t\t\t<div class=\"elementor-container elementor-column-gap-wider\">\n\t\t\t\t\t<div class=\"elementor-column elementor-col-25 elementor-inner-column elementor-element elementor-element-8563718\" data-id=\"8563718\" data-element_type=\"column\">\n\t\t\t<div class=\"elementor-widget-wrap elementor-element-populated\">\n\t\t\t\t\t\t\t\t<div class=\"elementor-element elementor-element-2ffbd0db elementor-view-default elementor-mobile-position-top elementor-vertical-align-top elementor-widget elementor-widget-icon-box\" data-id=\"2ffbd0db\" data-element_type=\"widget\" data-widget_type=\"icon-box.default\">\n\t\t\t\t<div class=\"elementor-widget-container\">\n\t\t\t<link rel=\"stylesheet\" href=\"https:\/\/olimpiafutar.hu\/wp-content\/plugins\/elementor\/assets\/css\/widget-icon-box.min.css\">\t\t<div class=\"elementor-icon-box-wrapper\">\n\t\t\t\t\t\t<div class=\"elementor-icon-box-icon\">\n\t\t\t\t<span class=\"elementor-icon elementor-animation-grow\" >\n\t\t\t\t<svg aria-hidden=\"true\" class=\"e-font-icon-svg e-fas-paper-plane\"><use xlink:href=\"#fas-paper-plane\" \/><\/svg>\t\t\t\t<\/span>\n\t\t\t<\/div>\n\t\t\t\t\t\t<div class=\"elementor-icon-box-content\">\n\t\t\t\t<h3 class=\"elementor-icon-box-title\">\n\t\t\t\t\t<span  >\n\t\t\t\t\t\t\t\t\t\t\t<\/span>\n\t\t\t\t<\/h3>\n\t\t\t\t\t\t\t\t\t<p class=\"elementor-icon-box-description\">\n\t\t\t\t\t\tMotoros\t\t\t\t\t<\/p>\n\t\t\t\t\t\t\t<\/div>\n\t\t<\/div>\n\t\t\t\t<\/div>\n\t\t\t\t<\/div>\n\t\t\t\t<div class=\"elementor-element elementor-element-b425363 animated-slow elementor-invisible elementor-widget elementor-widget-image\" data-id=\"b425363\" data-element_type=\"widget\" data-settings=\"{&quot;_animation&quot;:&quot;fadeInDown&quot;,&quot;motion_fx_motion_fx_mouse&quot;:&quot;yes&quot;}\" data-widget_type=\"image.default\">\n\t\t\t\t<div class=\"elementor-widget-container\">\n\t\t\t<style>\/*! elementor - v3.6.6 - 08-06-2022 *\/\n.elementor-widget-image{text-align:center}.elementor-widget-image a{display:inline-block}.elementor-widget-image a img[src$=\".svg\"]{width:48px}.elementor-widget-image img{vertical-align:middle;display:inline-block}<\/style>\t\t\t\t\t\t\t\t\t\t\t\t\t<a href=\"https:\/\/olimpiafutar.hu\/?page_id=221\">\n\t\t\t\t\t\t\t<img loading=\"lazy\" decoding=\"async\" width=\"666\" height=\"375\" src=\"https:\/\/olimpiafutar.hu\/wp-content\/uploads\/2022\/07\/motor-hatter-nelkul-2-e1657719984498.png\" class=\"attachment-large size-large\" alt=\"\" srcset=\"https:\/\/olimpiafutar.hu\/wp-content\/uploads\/2022\/07\/motor-hatter-nelkul-2-e1657719984498.png 666w, https:\/\/olimpiafutar.hu\/wp-content\/uploads\/2022\/07\/motor-hatter-nelkul-2-e1657719984498-300x169.png 300w\" sizes=\"auto, (max-width: 666px) 100vw, 666px\" \/>\t\t\t\t\t\t\t\t<\/a>\n\t\t\t\t\t\t\t\t\t\t\t\t\t\t\t<\/div>\n\t\t\t\t<\/div>\n\t\t\t\t<div class=\"elementor-element elementor-element-7fb15b8 elementor-widget elementor-widget-text-editor\" data-id=\"7fb15b8\" data-element_type=\"widget\" data-widget_type=\"text-editor.default\">\n\t\t\t\t<div class=\"elementor-widget-container\">\n\t\t\t<style>\/*! elementor - v3.6.6 - 08-06-2022 *\/\n.elementor-widget-text-editor.elementor-drop-cap-view-stacked .elementor-drop-cap{background-color:#818a91;color:#fff}.elementor-widget-text-editor.elementor-drop-cap-view-framed .elementor-drop-cap{color:#818a91;border:3px solid;background-color:transparent}.elementor-widget-text-editor:not(.elementor-drop-cap-view-default) .elementor-drop-cap{margin-top:8px}.elementor-widget-text-editor:not(.elementor-drop-cap-view-default) .elementor-drop-cap-letter{width:1em;height:1em}.elementor-widget-text-editor .elementor-drop-cap{float:left;text-align:center;line-height:1;font-size:50px}.elementor-widget-text-editor .elementor-drop-cap-letter{display:inline-block}<\/style>\t\t\t\t<p><em>Ha bor\u00edt\u00e9kja, dokumentuma, kisebb doboza van&#8230;<\/em><\/p>\t\t\t\t\t\t<\/div>\n\t\t\t\t<\/div>\n\t\t\t\t\t<\/div>\n\t\t<\/div>\n\t\t\t\t<div class=\"elementor-column elementor-col-25 elementor-inner-column elementor-element elementor-element-2ef43e5\" data-id=\"2ef43e5\" data-element_type=\"column\">\n\t\t\t<div class=\"elementor-widget-wrap elementor-element-populated\">\n\t\t\t\t\t\t\t\t<div class=\"elementor-element elementor-element-65a39b12 elementor-view-default elementor-mobile-position-top elementor-vertical-align-top elementor-widget elementor-widget-icon-box\" data-id=\"65a39b12\" data-element_type=\"widget\" data-widget_type=\"icon-box.default\">\n\t\t\t\t<div class=\"elementor-widget-container\">\n\t\t\t\t\t<div class=\"elementor-icon-box-wrapper\">\n\t\t\t\t\t\t<div class=\"elementor-icon-box-icon\">\n\t\t\t\t<span class=\"elementor-icon elementor-animation-grow\" >\n\t\t\t\t<svg aria-hidden=\"true\" class=\"e-font-icon-svg e-fas-box-open\"><use xlink:href=\"#fas-box-open\" \/><\/svg>\t\t\t\t<\/span>\n\t\t\t<\/div>\n\t\t\t\t\t\t<div class=\"elementor-icon-box-content\">\n\t\t\t\t<h3 class=\"elementor-icon-box-title\">\n\t\t\t\t\t<span  >\n\t\t\t\t\t\tAut\u00f3s\t\t\t\t\t<\/span>\n\t\t\t\t<\/h3>\n\t\t\t\t\t\t\t<\/div>\n\t\t<\/div>\n\t\t\t\t<\/div>\n\t\t\t\t<\/div>\n\t\t\t\t<div class=\"elementor-element elementor-element-0d457fe animated-slow elementor-invisible elementor-widget elementor-widget-image\" data-id=\"0d457fe\" data-element_type=\"widget\" data-settings=\"{&quot;_animation&quot;:&quot;fadeInDown&quot;}\" data-widget_type=\"image.default\">\n\t\t\t\t<div class=\"elementor-widget-container\">\n\t\t\t\t\t\t\t\t\t\t\t\t\t\t\t\t<a href=\"https:\/\/olimpiafutar.hu\/?page_id=222\">\n\t\t\t\t\t\t\t<img loading=\"lazy\" decoding=\"async\" width=\"666\" height=\"375\" src=\"https:\/\/olimpiafutar.hu\/wp-content\/uploads\/2022\/07\/auto-hatter-nlekul.png\" class=\"attachment-large size-large\" alt=\"\" srcset=\"https:\/\/olimpiafutar.hu\/wp-content\/uploads\/2022\/07\/auto-hatter-nlekul.png 666w, https:\/\/olimpiafutar.hu\/wp-content\/uploads\/2022\/07\/auto-hatter-nlekul-300x169.png 300w\" sizes=\"auto, (max-width: 666px) 100vw, 666px\" \/>\t\t\t\t\t\t\t\t<\/a>\n\t\t\t\t\t\t\t\t\t\t\t\t\t\t\t<\/div>\n\t\t\t\t<\/div>\n\t\t\t\t<div class=\"elementor-element elementor-element-1ea4934 elementor-widget elementor-widget-text-editor\" data-id=\"1ea4934\" data-element_type=\"widget\" data-widget_type=\"text-editor.default\">\n\t\t\t\t<div class=\"elementor-widget-container\">\n\t\t\t\t\t\t\t<p><em>Ha egy szem\u00e9lyaut\u00f3 csomagtart\u00f3j\u00e1ra lesz sz\u00fcks\u00e9g&#8230;<\/em><\/p>\t\t\t\t\t\t<\/div>\n\t\t\t\t<\/div>\n\t\t\t\t\t<\/div>\n\t\t<\/div>\n\t\t\t\t<div class=\"elementor-column elementor-col-25 elementor-inner-column elementor-element elementor-element-251f639\" data-id=\"251f639\" data-element_type=\"column\">\n\t\t\t<div class=\"elementor-widget-wrap elementor-element-populated\">\n\t\t\t\t\t\t\t\t<div class=\"elementor-element elementor-element-464e8e2d elementor-view-default elementor-mobile-position-top elementor-vertical-align-top elementor-widget elementor-widget-icon-box\" data-id=\"464e8e2d\" data-element_type=\"widget\" data-widget_type=\"icon-box.default\">\n\t\t\t\t<div class=\"elementor-widget-container\">\n\t\t\t\t\t<div class=\"elementor-icon-box-wrapper\">\n\t\t\t\t\t\t<div class=\"elementor-icon-box-icon\">\n\t\t\t\t<span class=\"elementor-icon elementor-animation-grow\" >\n\t\t\t\t<svg aria-hidden=\"true\" class=\"e-font-icon-svg e-fas-box\"><use xlink:href=\"#fas-box\" \/><\/svg>\t\t\t\t<\/span>\n\t\t\t<\/div>\n\t\t\t\t\t\t<div class=\"elementor-icon-box-content\">\n\t\t\t\t<h3 class=\"elementor-icon-box-title\">\n\t\t\t\t\t<span  >\n\t\t\t\t\t\t\t\t\t\t\t<\/span>\n\t\t\t\t<\/h3>\n\t\t\t\t\t\t\t\t\t<p class=\"elementor-icon-box-description\">\n\t\t\t\t\t\tFurgon\t\t\t\t\t<\/p>\n\t\t\t\t\t\t\t<\/div>\n\t\t<\/div>\n\t\t\t\t<\/div>\n\t\t\t\t<\/div>\n\t\t\t\t<div class=\"elementor-element elementor-element-e035b3e animated-slow elementor-invisible elementor-widget elementor-widget-image\" data-id=\"e035b3e\" data-element_type=\"widget\" data-settings=\"{&quot;motion_fx_motion_fx_mouse&quot;:&quot;yes&quot;,&quot;_animation&quot;:&quot;fadeInDown&quot;}\" data-widget_type=\"image.default\">\n\t\t\t\t<div class=\"elementor-widget-container\">\n\t\t\t\t\t\t\t\t\t\t\t\t\t\t\t\t<a href=\"https:\/\/olimpiafutar.hu\/?page_id=223\">\n\t\t\t\t\t\t\t<img loading=\"lazy\" decoding=\"async\" width=\"666\" height=\"375\" src=\"https:\/\/olimpiafutar.hu\/wp-content\/uploads\/2022\/08\/DSC_2841-removebg-preview.png\" class=\"attachment-full size-full\" alt=\"\" srcset=\"https:\/\/olimpiafutar.hu\/wp-content\/uploads\/2022\/08\/DSC_2841-removebg-preview.png 666w, https:\/\/olimpiafutar.hu\/wp-content\/uploads\/2022\/08\/DSC_2841-removebg-preview-300x169.png 300w\" sizes=\"auto, (max-width: 666px) 100vw, 666px\" \/>\t\t\t\t\t\t\t\t<\/a>\n\t\t\t\t\t\t\t\t\t\t\t\t\t\t\t<\/div>\n\t\t\t\t<\/div>\n\t\t\t\t<div class=\"elementor-element elementor-element-284309c elementor-widget elementor-widget-text-editor\" data-id=\"284309c\" data-element_type=\"widget\" data-widget_type=\"text-editor.default\">\n\t\t\t\t<div class=\"elementor-widget-container\">\n\t\t\t\t\t\t\t<p><em>Ha egy szem\u00e9lyaut\u00f3 csomagtart\u00f3ja kev\u00e9s lesz&#8230;<\/em><\/p>\t\t\t\t\t\t<\/div>\n\t\t\t\t<\/div>\n\t\t\t\t\t<\/div>\n\t\t<\/div>\n\t\t\t\t<div class=\"elementor-column elementor-col-25 elementor-inner-column elementor-element elementor-element-68d2780f\" data-id=\"68d2780f\" data-element_type=\"column\">\n\t\t\t<div class=\"elementor-widget-wrap elementor-element-populated\">\n\t\t\t\t\t\t\t\t<div class=\"elementor-element elementor-element-4cc681f elementor-view-default elementor-mobile-position-top elementor-vertical-align-top elementor-widget elementor-widget-icon-box\" data-id=\"4cc681f\" data-element_type=\"widget\" data-widget_type=\"icon-box.default\">\n\t\t\t\t<div class=\"elementor-widget-container\">\n\t\t\t\t\t<div class=\"elementor-icon-box-wrapper\">\n\t\t\t\t\t\t<div class=\"elementor-icon-box-icon\">\n\t\t\t\t<span class=\"elementor-icon elementor-animation-grow\" >\n\t\t\t\t<svg aria-hidden=\"true\" class=\"e-font-icon-svg e-fas-boxes\"><use xlink:href=\"#fas-boxes\" \/><\/svg>\t\t\t\t<\/span>\n\t\t\t<\/div>\n\t\t\t\t\t\t<div class=\"elementor-icon-box-content\">\n\t\t\t\t<h3 class=\"elementor-icon-box-title\">\n\t\t\t\t\t<span  >\n\t\t\t\t\t\tMaxi Furgon\t\t\t\t\t<\/span>\n\t\t\t\t<\/h3>\n\t\t\t\t\t\t\t<\/div>\n\t\t<\/div>\n\t\t\t\t<\/div>\n\t\t\t\t<\/div>\n\t\t\t\t<div class=\"elementor-element elementor-element-03cdca1 animated-slow elementor-invisible elementor-widget elementor-widget-image\" data-id=\"03cdca1\" data-element_type=\"widget\" data-settings=\"{&quot;_animation&quot;:&quot;fadeInDown&quot;}\" data-widget_type=\"image.default\">\n\t\t\t\t<div class=\"elementor-widget-container\">\n\t\t\t\t\t\t\t\t\t\t\t\t\t\t\t\t<a href=\"https:\/\/olimpiafutar.hu\/?page_id=224\">\n\t\t\t\t\t\t\t<img loading=\"lazy\" decoding=\"async\" width=\"666\" height=\"375\" src=\"https:\/\/olimpiafutar.hu\/wp-content\/uploads\/2022\/08\/DSC_2435-removebg-preview.png\" class=\"attachment-large size-large\" alt=\"\" srcset=\"https:\/\/olimpiafutar.hu\/wp-content\/uploads\/2022\/08\/DSC_2435-removebg-preview.png 666w, https:\/\/olimpiafutar.hu\/wp-content\/uploads\/2022\/08\/DSC_2435-removebg-preview-300x169.png 300w\" sizes=\"auto, (max-width: 666px) 100vw, 666px\" \/>\t\t\t\t\t\t\t\t<\/a>\n\t\t\t\t\t\t\t\t\t\t\t\t\t\t\t<\/div>\n\t\t\t\t<\/div>\n\t\t\t\t<div class=\"elementor-element elementor-element-a1c5217 elementor-widget elementor-widget-text-editor\" data-id=\"a1c5217\" data-element_type=\"widget\" data-widget_type=\"text-editor.default\">\n\t\t\t\t<div class=\"elementor-widget-container\">\n\t\t\t\t\t\t\t<p><em>Ami egyikbe sem f\u00e9r be&#8230;<\/em><\/p>\t\t\t\t\t\t<\/div>\n\t\t\t\t<\/div>\n\t\t\t\t\t<\/div>\n\t\t<\/div>\n\t\t\t\t\t\t\t<\/div>\n\t\t<\/section>\n\t\t\t\t<div class=\"elementor-element elementor-element-5b7e264 elementor-invisible elementor-widget elementor-widget-text-editor\" data-id=\"5b7e264\" data-element_type=\"widget\" data-settings=\"{&quot;_animation&quot;:&quot;slideInLeft&quot;}\" data-widget_type=\"text-editor.default\">\n\t\t\t\t<div class=\"elementor-widget-container\">\n\t\t\t\t\t\t\t<p><em>\u00a0A szolg\u00e1ltat\u00e1s d\u00edj\u00e1t a k\u00e9zbes\u00edtend\u0151 k\u00fcldem\u00e9ny m\u00e9rete \u00e9s s\u00falya, \u00e9s nem pedig az \u00e9rkez\u0151 fut\u00e1r koll\u00e9ga j\u00e1rm\u0171v\u00e9nek\u00a0 a t\u00edpusa hat\u00e1rozza meg. \u00c9rdekl\u0151dj\u00f6n k\u00e9zbes\u00edt\u00e9si megold\u00e1sainkr\u00f3l telefonon: <strong><br \/><a style=\"color: #511132; font-size: 14pt; font-weight: bold;\" href=\"tel:+36205363407;\">+36 20\/536-3407 <\/a> <\/strong> vagy emailben:<br \/><a style=\"color: #511132; font-size: 14pt; font-weight: bold;\" href=\"mailto:olimpiafutar@gmail.com;\">olimpiafutar@gmail.com\u00a0<\/a>\u00a0sz\u00edvesen \u00e1llunk rendelkez\u00e9s\u00e9re.<\/em><\/p>\t\t\t\t\t\t<\/div>\n\t\t\t\t<\/div>\n\t\t\t\t<div class=\"elementor-element elementor-element-703eaea elementor-widget elementor-widget-spacer\" data-id=\"703eaea\" data-element_type=\"widget\" data-widget_type=\"spacer.default\">\n\t\t\t\t<div class=\"elementor-widget-container\">\n\t\t\t<style>\/*! elementor - v3.6.6 - 08-06-2022 *\/\n.e-container.e-container--row .elementor-spacer-inner{width:var(--spacer-size)}.e-container.e-container--column .elementor-spacer-inner,.elementor-column .elementor-spacer-inner{height:var(--spacer-size)}<\/style>\t\t<div class=\"elementor-spacer\">\n\t\t\t<div class=\"elementor-spacer-inner\"><\/div>\n\t\t<\/div>\n\t\t\t\t<\/div>\n\t\t\t\t<\/div>\n\t\t\t\t<div class=\"elementor-element elementor-element-cec0e10 elementor-headline--style-highlight elementor-widget elementor-widget-animated-headline\" data-id=\"cec0e10\" data-element_type=\"widget\" data-settings=\"{&quot;marker&quot;:&quot;underline&quot;,&quot;highlighted_text&quot;:&quot;profilj\\u00e1t.&quot;,&quot;highlight_animation_duration&quot;:1900,&quot;headline_style&quot;:&quot;highlight&quot;,&quot;loop&quot;:&quot;yes&quot;,&quot;highlight_iteration_delay&quot;:8000}\" data-widget_type=\"animated-headline.default\">\n\t\t\t\t<div class=\"elementor-widget-container\">\n\t\t\t<link rel=\"stylesheet\" href=\"https:\/\/olimpiafutar.hu\/wp-content\/plugins\/elementor-pro\/assets\/css\/widget-animated-headline.min.css\">\t\t<h3 class=\"elementor-headline\">\n\t\t\t\t\t<span class=\"elementor-headline-plain-text elementor-headline-text-wrapper\">Miel\u0151tt megtekinten\u00e9 a szolg\u00e1ltat\u00e1sainkat p\u00e1r mondatban jellemezn\u00e9m c\u00e9g\u00fcnk <\/span>\n\t\t\t\t<span class=\"elementor-headline-dynamic-wrapper elementor-headline-text-wrapper\">\n\t\t\t\t\t<span class=\"elementor-headline-dynamic-text elementor-headline-text-active\">profilj\u00e1t.<\/span>\n\t\t\t\t<\/span>\n\t\t\t\t<\/h3>\n\t\t\t\t<\/div>\n\t\t\t\t<\/div>\n\t\t\t\t<div class=\"elementor-element elementor-element-3540023 elementor-view-default elementor-widget elementor-widget-icon\" data-id=\"3540023\" data-element_type=\"widget\" data-settings=\"{&quot;motion_fx_motion_fx_scrolling&quot;:&quot;yes&quot;,&quot;motion_fx_translateX_effect&quot;:&quot;yes&quot;,&quot;motion_fx_translateX_speed&quot;:{&quot;unit&quot;:&quot;px&quot;,&quot;size&quot;:4,&quot;sizes&quot;:[]},&quot;motion_fx_translateX_affectedRange&quot;:{&quot;unit&quot;:&quot;%&quot;,&quot;size&quot;:&quot;&quot;,&quot;sizes&quot;:{&quot;start&quot;:0,&quot;end&quot;:100}},&quot;motion_fx_devices&quot;:[&quot;desktop&quot;,&quot;tablet&quot;,&quot;mobile&quot;]}\" data-widget_type=\"icon.default\">\n\t\t\t\t<div class=\"elementor-widget-container\">\n\t\t\t\t\t<div class=\"elementor-icon-wrapper\">\n\t\t\t<div class=\"elementor-icon\">\n\t\t\t<svg aria-hidden=\"true\" class=\"e-font-icon-svg e-fas-box\"><use xlink:href=\"#fas-box\" \/><\/svg>\t\t\t<\/div>\n\t\t<\/div>\n\t\t\t\t<\/div>\n\t\t\t\t<\/div>\n\t\t\t\t<div class=\"elementor-element elementor-element-4a1fa35f elementor-widget elementor-widget-text-editor\" data-id=\"4a1fa35f\" data-element_type=\"widget\" data-widget_type=\"text-editor.default\">\n\t\t\t\t<div class=\"elementor-widget-container\">\n\t\t\t\t\t\t\t<p>\u00a0Megrendel\u00e9seiket aznapi felv\u00e9tellel \u00e9s lead\u00e1ssal teljes\u00edtj\u00fck (kiv\u00e9ve, ha az \u00fcgyf\u00e9l m\u00e1sk\u00e9pp szeretn\u00e9). K\u00fcldem\u00e9nyeiket k\u00fcl\u00f6nleges b\u00e1n\u00e1sm\u00f3dban r\u00e9szes\u00edtj\u00fck, legyen az \u00e9rt\u00e9kes p\u00e1ly\u00e1zati anyag, t\u00f6r\u00e9keny csomag, csokor vir\u00e1g, fontos, bizalmas inform\u00e1ci\u00f3kat tartalmaz\u00f3 bor\u00edt\u00e9k, vagy ak\u00e1r m\u0171szaki term\u00e9k. Nyomdai vagy PR Marketing c\u00e9lra legy\u00e1rtott rekl\u00e1manyag, nyomtat\u00e1sra sz\u00e1nt ruhanem\u0171 k\u00fcld\u00e9se eset\u00e9n is bizalommal forduljon hozz\u00e1nk. K\u00fcldem\u00e9nyeiket min\u00e9l gyorsabban c\u00e9lbajuttatjuk, az \u00d6n\u00f6k ig\u00e9nyeinek megfelel\u0151en t\u00f6bb \u00e9vtizede.<\/p><p><strong>Gyors, sportos k\u00e9zbes\u00edt\u00e9st k\u00edn\u00e1lunk.<\/strong><\/p><p>K\u00f6sz\u00f6nj\u00fck a bizalmat!<\/p>\t\t\t\t\t\t<\/div>\n\t\t\t\t<\/div>\n\t\t\t\t\t<\/div>\n\t\t<\/div>\n\t\t\t\t\t\t\t<\/div>\n\t\t<\/section>\n\t\t\t\t\t\t\t<\/div>\n\t\t","protected":false},"excerpt":{"rendered":"<p>Motoros Ha bor\u00edt\u00e9kja, dokumentuma, kisebb doboza van&#8230; Aut\u00f3s Ha egy szem\u00e9lyaut\u00f3 csomagtart\u00f3j\u00e1ra lesz sz\u00fcks\u00e9g&#8230; Furgon Ha egy szem\u00e9lyaut\u00f3 csomagtart\u00f3ja kev\u00e9s lesz&#8230; Maxi Furgon Ami egyikbe sem f\u00e9r be&#8230; \u00a0A szolg\u00e1ltat\u00e1s d\u00edj\u00e1t a k\u00e9zbes\u00edtend\u0151 k\u00fcldem\u00e9ny m\u00e9rete \u00e9s s\u00falya, \u00e9s nem pedig az \u00e9rkez\u0151 fut\u00e1r koll\u00e9ga j\u00e1rm\u0171v\u00e9nek\u00a0 a t\u00edpusa hat\u00e1rozza meg. \u00c9rdekl\u0151dj\u00f6n k\u00e9zbes\u00edt\u00e9si megold\u00e1sainkr\u00f3l telefonon: +36 20\/536-3407 [&hellip;]<\/p>\n","protected":false},"author":1,"featured_media":0,"parent":0,"menu_order":0,"comment_status":"closed","ping_status":"closed","template":"","meta":{"footnotes":""},"class_list":["post-35","page","type-page","status-publish","hentry","entry"],"_links":{"self":[{"href":"https:\/\/olimpiafutar.hu\/index.php?rest_route=\/wp\/v2\/pages\/35","targetHints":{"allow":["GET"]}}],"collection":[{"href":"https:\/\/olimpiafutar.hu\/index.php?rest_route=\/wp\/v2\/pages"}],"about":[{"href":"https:\/\/olimpiafutar.hu\/index.php?rest_route=\/wp\/v2\/types\/page"}],"author":[{"embeddable":true,"href":"https:\/\/olimpiafutar.hu\/index.php?rest_route=\/wp\/v2\/users\/1"}],"replies":[{"embeddable":true,"href":"https:\/\/olimpiafutar.hu\/index.php?rest_route=%2Fwp%2Fv2%2Fcomments&post=35"}],"version-history":[{"count":135,"href":"https:\/\/olimpiafutar.hu\/index.php?rest_route=\/wp\/v2\/pages\/35\/revisions"}],"predecessor-version":[{"id":748,"href":"https:\/\/olimpiafutar.hu\/index.php?rest_route=\/wp\/v2\/pages\/35\/revisions\/748"}],"wp:attachment":[{"href":"https:\/\/olimpiafutar.hu\/index.php?rest_route=%2Fwp%2Fv2%2Fmedia&parent=35"}],"curies":[{"name":"wp","href":"https:\/\/api.w.org\/{rel}","templated":true}]}}